{"id":13757,"date":"2021-12-01T15:31:33","date_gmt":"2021-12-01T12:31:33","guid":{"rendered":"https:\/\/medical.savagrup.com\/?page_id=13757"},"modified":"2021-12-03T12:41:02","modified_gmt":"2021-12-03T09:41:02","slug":"tulumlar","status":"publish","type":"page","link":"https:\/\/medical.savagrup.com\/?page_id=13757","title":{"rendered":"Tulum"},"content":{"rendered":"<p>[vc_row][vc_column width=&#8221;1\/3&#8243;][\/vc_column][vc_column width=&#8221;1\/3&#8243;][vc_column_text]<\/p>\n<h3 style=\"text-align: center;\"><strong>Tulum<\/strong><\/h3>\n<p>[\/vc_column_text][vc_column_text]<\/p>\n<ul>\n<li style=\"text-align: left;\"><span style=\"vertical-align: inherit;\"><span style=\"vertical-align: inherit;\">56 gr\/m lamine<\/span><\/span><\/li>\n<li style=\"text-align: left;\"><span style=\"vertical-align: inherit;\"><span style=\"vertical-align: inherit;\">\u0130\u00e7i pamuklu, su ge\u00e7irmez,<\/span><\/span><\/li>\n<li style=\"text-align: left;\"><span style=\"vertical-align: inherit;\"><span style=\"vertical-align: inherit;\">Partik\u00fcl i\u00e7ermez, bakteri i\u00e7ermez, hafif ve yumu\u015fak<\/span><\/span><\/li>\n<li style=\"text-align: left;\"><span style=\"vertical-align: inherit;\"><span style=\"vertical-align: inherit;\">Kap\u00fc\u015fon kenar\u0131, bel, bacak ve kollar elastiktir.<\/span><\/span><\/li>\n<li style=\"text-align: left;\"><span style=\"vertical-align: inherit;\"><span style=\"vertical-align: inherit;\">Y\u00fcksek koruma seviyesi<\/span><\/span><\/li>\n<li style=\"text-align: left;\"><span style=\"vertical-align: inherit;\"><span style=\"vertical-align: inherit;\">Y\u00fcksek kaliteli, tek kullan\u0131ml\u0131k<\/span><\/span><\/li>\n<li style=\"text-align: left;\"><span style=\"vertical-align: inherit;\"><span style=\"vertical-align: inherit;\">Bay ve Bayan kullan\u0131m\u0131 i\u00e7in uygundur.<\/span><\/span><\/li>\n<\/ul>\n<p>[\/vc_column_text][\/vc_column][vc_column width=&#8221;1\/3&#8243;][\/vc_column][\/vc_row][vc_row][vc_column width=&#8221;1\/2&#8243;][vc_single_image image=&#8221;13921&#8243; img_size=&#8221;450&#215;1000&#8243;][\/vc_column][vc_column width=&#8221;1\/2&#8243;][vc_single_image image=&#8221;13920&#8243; img_size=&#8221;450&#215;1000&#8243;][\/vc_column][\/vc_row][vc_row][vc_column][vc_column_text]<\/p>\n<p style=\"text-align: center;\">\u00dcr\u00fcnlerimiz hakk\u0131nda daha fazla bilgi i\u00e7in bizimle ileti\u015fime ge\u00e7ebilir veya\u00a0<a href=\"https:\/\/medical.savagrup.com\/Savamed_catalogue_EN.pdf\">buradan<\/a>\u00a0katalo\u011fumuzu inceleyebilirsiniz.<\/p>\n<p>[\/vc_column_text][\/vc_column][\/vc_row]<\/p>\n","protected":false},"excerpt":{"rendered":"<p>[vc_row][vc_column width=&#8221;1\/3&#8243;][\/vc_column][vc_column width=&#8221;1\/3&#8243;][vc_column_text] Tulum [\/vc_column_text][vc_column_text] 56 gr\/m lamine \u0130\u00e7i pamuklu, su ge\u00e7irmez, Partik\u00fcl i\u00e7ermez, bakteri i\u00e7ermez, hafif ve yumu\u015fak Kap\u00fc\u015fon kenar\u0131, bel, bacak ve kollar elastiktir. Y\u00fcksek koruma seviyesi Y\u00fcksek kaliteli, tek kullan\u0131ml\u0131k Bay ve Bayan kullan\u0131m\u0131 i\u00e7in uygundur. [\/vc_column_text][\/vc_column][vc_column width=&#8221;1\/3&#8243;][\/vc_column][\/vc_row][vc_row][vc_column width=&#8221;1\/2&#8243;][vc_single_image image=&#8221;13921&#8243; img_size=&#8221;450&#215;1000&#8243;][\/vc_column][vc_column width=&#8221;1\/2&#8243;][vc_single_image image=&#8221;13920&#8243; img_size=&#8221;450&#215;1000&#8243;][\/vc_column][\/vc_row][vc_row][vc_column][vc_column_text] \u00dcr\u00fcnlerimiz hakk\u0131nda daha fazla bilgi i\u00e7in bizimle ileti\u015fime [&hellip;]<\/p>\n","protected":false},"author":2,"featured_media":0,"parent":0,"menu_order":0,"comment_status":"closed","ping_status":"closed","template":"","meta":{"footnotes":""},"class_list":["post-13757","page","type-page","status-publish","hentry"],"lang":"tr","translations":{"de":14112,"tr":13757,"en":14189},"pll_sync_post":[],"_links":{"self":[{"href":"https:\/\/medical.savagrup.com\/index.php?rest_route=\/wp\/v2\/pages\/13757","targetHints":{"allow":["GET"]}}],"collection":[{"href":"https:\/\/medical.savagrup.com\/index.php?rest_route=\/wp\/v2\/pages"}],"about":[{"href":"https:\/\/medical.savagrup.com\/index.php?rest_route=\/wp\/v2\/types\/page"}],"author":[{"embeddable":true,"href":"https:\/\/medical.savagrup.com\/index.php?rest_route=\/wp\/v2\/users\/2"}],"replies":[{"embeddable":true,"href":"https:\/\/medical.savagrup.com\/index.php?rest_route=%2Fwp%2Fv2%2Fcomments&post=13757"}],"version-history":[{"count":13,"href":"https:\/\/medical.savagrup.com\/index.php?rest_route=\/wp\/v2\/pages\/13757\/revisions"}],"predecessor-version":[{"id":13924,"href":"https:\/\/medical.savagrup.com\/index.php?rest_route=\/wp\/v2\/pages\/13757\/revisions\/13924"}],"wp:attachment":[{"href":"https:\/\/medical.savagrup.com\/index.php?rest_route=%2Fwp%2Fv2%2Fmedia&parent=13757"}],"curies":[{"name":"wp","href":"https:\/\/api.w.org\/{rel}","templated":true}]}}