{"id":14073,"date":"2021-12-04T13:35:30","date_gmt":"2021-12-04T10:35:30","guid":{"rendered":"https:\/\/medical.savagrup.com\/?page_id=14073"},"modified":"2021-12-04T13:40:51","modified_gmt":"2021-12-04T10:40:51","slug":"ueberschuh","status":"publish","type":"page","link":"https:\/\/medical.savagrup.com\/?page_id=14073&lang=de","title":{"rendered":"\u00dcberschuh"},"content":{"rendered":"<p>[vc_row][vc_column][vc_row_inner][vc_column_inner][vc_column_text]<\/p>\n<h2 class=\"wpb_heading wpb_singleimage_heading\" style=\"text-align: center;\"><strong>\u00dcberschuh<\/strong><\/h2>\n<p>[\/vc_column_text][vc_column_text]<\/p>\n<ul>\n<li style=\"text-align: center;\">Aus 100 % Polyethylen.<\/li>\n<li style=\"text-align: center;\">Die Dicke betr\u00e4gt 10 Mikrometer f\u00fcr eine einzelne Schicht. (Gesamt 20 Mikrometer)<\/li>\n<li style=\"text-align: center;\">Es ist mit Doppeln\u00e4hten f\u00fcr Haltbarkeit hergestellt.<\/li>\n<li style=\"text-align: center;\">Einfach zu bedienen und langlebig.<\/li>\n<\/ul>\n<p>[\/vc_column_text][\/vc_column_inner][\/vc_row_inner][\/vc_column][\/vc_row][vc_row][vc_column width=&#8221;1\/3&#8243;][vc_single_image image=&#8221;14077&#8243;][\/vc_column][vc_column width=&#8221;1\/3&#8243;][vc_single_image image=&#8221;14078&#8243;][\/vc_column][vc_column width=&#8221;1\/3&#8243;][vc_single_image image=&#8221;14079&#8243;][\/vc_column][\/vc_row][vc_row][vc_column][vc_column_text]<\/p>\n<p style=\"text-align: center;\">F\u00fcr weitere Informationen zu unseren Produkten k\u00f6nnen Sie uns kontaktieren oder hier\u00a0<a href=\"https:\/\/medical.savagrup.com\/Savamed_catalogue_EN.pdf\">unseren Katalog einsehen<\/a>.<\/p>\n<p>[\/vc_column_text][\/vc_column][\/vc_row]<\/p>\n","protected":false},"excerpt":{"rendered":"<p>[vc_row][vc_column][vc_row_inner][vc_column_inner][vc_column_text] \u00dcberschuh [\/vc_column_text][vc_column_text] Aus 100 % Polyethylen. Die Dicke betr\u00e4gt 10 Mikrometer f\u00fcr eine einzelne Schicht. (Gesamt 20 Mikrometer) Es ist mit Doppeln\u00e4hten f\u00fcr Haltbarkeit hergestellt. Einfach zu bedienen und langlebig. [\/vc_column_text][\/vc_column_inner][\/vc_row_inner][\/vc_column][\/vc_row][vc_row][vc_column width=&#8221;1\/3&#8243;][vc_single_image image=&#8221;14077&#8243;][\/vc_column][vc_column width=&#8221;1\/3&#8243;][vc_single_image image=&#8221;14078&#8243;][\/vc_column][vc_column width=&#8221;1\/3&#8243;][vc_single_image image=&#8221;14079&#8243;][\/vc_column][\/vc_row][vc_row][vc_column][vc_column_text] F\u00fcr weitere Informationen zu unseren Produkten k\u00f6nnen Sie uns kontaktieren oder hier\u00a0unseren Katalog einsehen. [\/vc_column_text][\/vc_column][\/vc_row]<\/p>\n","protected":false},"author":2,"featured_media":0,"parent":0,"menu_order":0,"comment_status":"closed","ping_status":"closed","template":"","meta":{"footnotes":""},"class_list":["post-14073","page","type-page","status-publish","hentry"],"lang":"de","translations":{"de":14073,"tr":13753,"en":14167},"pll_sync_post":[],"_links":{"self":[{"href":"https:\/\/medical.savagrup.com\/index.php?rest_route=\/wp\/v2\/pages\/14073","targetHints":{"allow":["GET"]}}],"collection":[{"href":"https:\/\/medical.savagrup.com\/index.php?rest_route=\/wp\/v2\/pages"}],"about":[{"href":"https:\/\/medical.savagrup.com\/index.php?rest_route=\/wp\/v2\/types\/page"}],"author":[{"embeddable":true,"href":"https:\/\/medical.savagrup.com\/index.php?rest_route=\/wp\/v2\/users\/2"}],"replies":[{"embeddable":true,"href":"https:\/\/medical.savagrup.com\/index.php?rest_route=%2Fwp%2Fv2%2Fcomments&post=14073"}],"version-history":[{"count":3,"href":"https:\/\/medical.savagrup.com\/index.php?rest_route=\/wp\/v2\/pages\/14073\/revisions"}],"predecessor-version":[{"id":14080,"href":"https:\/\/medical.savagrup.com\/index.php?rest_route=\/wp\/v2\/pages\/14073\/revisions\/14080"}],"wp:attachment":[{"href":"https:\/\/medical.savagrup.com\/index.php?rest_route=%2Fwp%2Fv2%2Fmedia&parent=14073"}],"curies":[{"name":"wp","href":"https:\/\/api.w.org\/{rel}","templated":true}]}}